{"id":3844,"date":"2025-05-31T19:17:55","date_gmt":"2025-05-31T19:17:55","guid":{"rendered":"https:\/\/www.apjbrito.com\/index.php\/seguranca-protecao-de-dados\/"},"modified":"2025-05-31T19:19:33","modified_gmt":"2025-05-31T19:19:33","slug":"seguranca-protecao-de-dados","status":"publish","type":"page","link":"https:\/\/www.apjbrito.com\/index.php\/seguranca-protecao-de-dados\/","title":{"rendered":"Seguran\u00e7a\/Prote\u00e7\u00e3o de Dados"},"content":{"rendered":"<div data-colibri-id=\"3844-c1\" class=\"style-1256 style-local-3844-c1 position-relative\">\n  <!---->\n  <div data-colibri-component=\"section\" data-colibri-id=\"3844-c2\" id=\"about\" class=\"h-section h-section-global-spacing d-flex align-items-lg-center align-items-md-center align-items-center style-1257 style-local-3844-c2 position-relative\">\n    <!---->\n    <!---->\n    <div class=\"h-section-grid-container h-section-boxed-container\">\n      <!---->\n      <div data-colibri-id=\"3844-c3\" class=\"h-row-container gutters-row-lg-0 gutters-row-md-0 gutters-row-0 gutters-row-v-lg-0 gutters-row-v-md-0 gutters-row-v-0 style-1258 style-local-3844-c3 position-relative\">\n        <!---->\n        <div class=\"h-row justify-content-lg-center justify-content-md-center justify-content-center align-items-lg-stretch align-items-md-stretch align-items-stretch gutters-col-lg-0 gutters-col-md-0 gutters-col-0 gutters-col-v-lg-0 gutters-col-v-md-0 gutters-col-v-0\">\n          <!---->\n          <div class=\"h-column h-column-container d-flex h-col-lg-auto h-col-md-auto h-col-auto style-1259-outer style-local-3844-c4-outer\">\n            <div data-colibri-id=\"3844-c4\" class=\"d-flex h-flex-basis h-column__inner h-px-lg-0 h-px-md-0 h-px-0 v-inner-lg-0 v-inner-md-0 v-inner-0 style-1259 style-local-3844-c4 position-relative\">\n              <!---->\n              <!---->\n              <div class=\"w-100 h-y-container h-column__content h-column__v-align flex-basis-100 align-self-lg-start align-self-md-start align-self-start\">\n                <!---->\n                <div data-colibri-id=\"3844-c7\" class=\"h-text h-text-component style-1262 style-local-3844-c7 position-relative h-element\">\n                  <!---->\n                  <!---->\n                  <div class=\"\">\n                    <p><strong>Encarregado de Prote\u00e7\u00e3o de Dados<\/strong>:&nbsp;Dulc\u00ednio Jos\u00e9 Parente Videira<\/p>\n                    <p><strong>Email<\/strong>:&nbsp;\n                      <a href=\"mailto:dulcinio.videira@apjbrito.edu.pt\" style=\"color: rgb(3, 69, 191);\">dulcinio.videira@apjbrito.edu.pt<\/a>\n                    <\/p>\n                    <p><strong>Telefone<\/strong>: 258 839 160<\/p>\n                    <p><strong>Morada<\/strong>: Rua Jos\u00e9 de Brito,&nbsp;4925-062 Viana do Castelo<\/p>\n                    <p>\n                      <br>\n                    <\/p>\n                  <\/div>\n                <\/div>\n              <\/div>\n            <\/div>\n          <\/div>\n        <\/div>\n      <\/div>\n    <\/div>\n  <\/div>\n<\/div>","protected":false},"excerpt":{"rendered":"<p>Encarregado de Prote\u00e7\u00e3o de Dados:&nbsp;Dulc\u00ednio Jos\u00e9 Parente Videira Email:&nbsp; dulcinio.videira@apjbrito.edu.pt Telefone: 258 839 160 Morada: Rua Jos\u00e9 de Brito,&nbsp;4925-062 Viana do Castelo<\/p>\n","protected":false},"author":1,"featured_media":0,"parent":0,"menu_order":0,"comment_status":"closed","ping_status":"closed","template":"page-templates\/full-width-page.php","meta":{"footnotes":""},"class_list":["post-3844","page","type-page","status-publish","hentry"],"_links":{"self":[{"href":"https:\/\/www.apjbrito.com\/index.php\/wp-json\/wp\/v2\/pages\/3844","targetHints":{"allow":["GET"]}}],"collection":[{"href":"https:\/\/www.apjbrito.com\/index.php\/wp-json\/wp\/v2\/pages"}],"about":[{"href":"https:\/\/www.apjbrito.com\/index.php\/wp-json\/wp\/v2\/types\/page"}],"author":[{"embeddable":true,"href":"https:\/\/www.apjbrito.com\/index.php\/wp-json\/wp\/v2\/users\/1"}],"replies":[{"embeddable":true,"href":"https:\/\/www.apjbrito.com\/index.php\/wp-json\/wp\/v2\/comments?post=3844"}],"version-history":[{"count":2,"href":"https:\/\/www.apjbrito.com\/index.php\/wp-json\/wp\/v2\/pages\/3844\/revisions"}],"predecessor-version":[{"id":3854,"href":"https:\/\/www.apjbrito.com\/index.php\/wp-json\/wp\/v2\/pages\/3844\/revisions\/3854"}],"wp:attachment":[{"href":"https:\/\/www.apjbrito.com\/index.php\/wp-json\/wp\/v2\/media?parent=3844"}],"curies":[{"name":"wp","href":"https:\/\/api.w.org\/{rel}","templated":true}]}}