{"id":4575,"date":"2025-07-04T22:11:37","date_gmt":"2025-07-04T22:11:37","guid":{"rendered":"https:\/\/www.apjbrito.com\/?page_id=4575"},"modified":"2025-07-04T22:11:42","modified_gmt":"2025-07-04T22:11:42","slug":"documentos","status":"publish","type":"page","link":"https:\/\/www.apjbrito.com\/index.php\/documentos\/","title":{"rendered":"Documentos"},"content":{"rendered":"\n<div\n\tclass=\"betterdocs-category-grid-wrapper betterdocs-blocks-grid betterdocs-blocks betterdocs-categorygrid-he48rql\">\n\t<div\n\t\tclass=\"betterdocs-category-grid-inner-wrapper layout-flex layout-1 grid betterdocs-column-3 betterdocs-column-tablet-2 betterdocs-column-mobile-1\" data-column_desktop=\"3\" data-column_tab=\"2\" data-column_mobile=\"1\" data-column_space_desktop=\"10\" data-colomn_space_tab=\"10\" data-colomn_space_mobile=\"10\">\n\t\t\n<article\n\tdata-id=\"10\" class=\"betterdocs-single-category-wrapper category-grid default\">\n\t<div class=\"betterdocs-single-category-inner\">\n\t\t\n<div class=\"betterdocs-category-header\">\n\t<div class=\"betterdocs-category-header-inner\">\n\t\t\n<div class=\"betterdocs-category-icon\">\n\t<img decoding=\"async\" alt=\"betterdocs-category-icon\" class=\"betterdocs-category-icon-img\" src=\"https:\/\/www.apjbrito.com\/wp-content\/plugins\/betterdocs\/assets\/admin\/images\/betterdocs-cat-icon.svg?v=4.3.10\" \/><\/div>\n<h2 class=\"betterdocs-category-title\">ESTRAT\u00c9GIA DE EDUCA\u00c7\u00c3O PARA A CIDADANIA<\/h2>\n<div data-count=\"1\" class=\"betterdocs-category-items-counts\">\n\t<span>\n\t\t 1 \t<\/span>\n<\/div>\n\t<\/div>\n<\/div>\n<div class=\"betterdocs-body\">\n<ul class=\"betterdocs-articles-list\">\n\t<li><i class=\"far fa-file-alt\"><\/i><a href=\"https:\/\/www.apjbrito.com\/index.php\/docs\/estrategia-de-educacao-para-a-cidadania\/\"><span>ESTRAT\u00c9GIA DE EDUCA\u00c7\u00c3O PARA A CIDADANIA<\/span> <\/a><\/li><\/ul>\n<\/div>\t<\/div>\n<\/article>\n\n<article\n\tdata-id=\"13\" class=\"betterdocs-single-category-wrapper category-grid default\">\n\t<div class=\"betterdocs-single-category-inner\">\n\t\t\n<div class=\"betterdocs-category-header\">\n\t<div class=\"betterdocs-category-header-inner\">\n\t\t\n<div class=\"betterdocs-category-icon\">\n\t<img decoding=\"async\" alt=\"betterdocs-category-icon\" class=\"betterdocs-category-icon-img\" src=\"https:\/\/www.apjbrito.com\/wp-content\/plugins\/betterdocs\/assets\/admin\/images\/betterdocs-cat-icon.svg?v=4.3.10\" \/><\/div>\n<h2 class=\"betterdocs-category-title\">CRIT\u00c9RIOS GERAIS AVALIA\u00c7\u00c3O<\/h2>\n<div data-count=\"4\" class=\"betterdocs-category-items-counts\">\n\t<span>\n\t\t 4 \t<\/span>\n<\/div>\n\t<\/div>\n<\/div>\n<div class=\"betterdocs-body\">\n<ul class=\"betterdocs-articles-list\">\n\t<li><i class=\"far fa-file-alt\"><\/i><a href=\"https:\/\/www.apjbrito.com\/index.php\/docs\/criterios-gerais-de-avaliacao-2025-29\/\"><span>CRIT\u00c9RIOS GERAIS DE AVALIA\u00c7\u00c3O | 2025-2029<\/span> <\/a><\/li><li><i class=\"far fa-file-alt\"><\/i><a href=\"https:\/\/www.apjbrito.com\/index.php\/docs\/criterios-de-avaliacao-2025-2029\/\"><span>CRIT\u00c9RIOS DE AVALIA\u00c7\u00c3O| 2025-2029 &#8211;  MEDIDAS ADICIONAIS<\/span> <\/a><\/li><li><i class=\"far fa-file-alt\"><\/i><a href=\"https:\/\/www.apjbrito.com\/index.php\/docs\/criterios-especificos-de-avaliacao-2025-2029-dps\/\"><span>CRIT\u00c9RIOS ESPEC\u00cdFICOS DE AVALIA\u00c7\u00c3O| 2025-2029 &#8211; DPS<\/span> <\/a><\/li><li><i class=\"far fa-file-alt\"><\/i><a href=\"https:\/\/www.apjbrito.com\/index.php\/docs\/criterios-de-avaliacao-de-plnm\/\"><span>Crit\u00e9rios de avalia\u00e7\u00e3o de PLNM<\/span> <\/a><\/li><\/ul>\n<\/div>\t<\/div>\n<\/article>\n\n<article\n\tdata-id=\"14\" class=\"betterdocs-single-category-wrapper category-grid default\">\n\t<div class=\"betterdocs-single-category-inner\">\n\t\t\n<div class=\"betterdocs-category-header\">\n\t<div class=\"betterdocs-category-header-inner\">\n\t\t\n<div class=\"betterdocs-category-icon\">\n\t<img decoding=\"async\" alt=\"betterdocs-category-icon\" class=\"betterdocs-category-icon-img\" src=\"https:\/\/www.apjbrito.com\/wp-content\/plugins\/betterdocs\/assets\/admin\/images\/betterdocs-cat-icon.svg?v=4.3.10\" \/><\/div>\n<h2 class=\"betterdocs-category-title\">REGULAMENTO ELEITORAL DO CONSELHO GERAL<\/h2>\n<div data-count=\"1\" class=\"betterdocs-category-items-counts\">\n\t<span>\n\t\t 1 \t<\/span>\n<\/div>\n\t<\/div>\n<\/div>\n<div class=\"betterdocs-body\">\n<ul class=\"betterdocs-articles-list\">\n\t<li><i class=\"far fa-file-alt\"><\/i><a href=\"https:\/\/www.apjbrito.com\/index.php\/docs\/regulamento-eleitoral-do-conselho-geral\/\"><span>REGULAMENTO ELEITORAL DO CONSELHO GERAL<\/span> <\/a><\/li><\/ul>\n<\/div>\t<\/div>\n<\/article>\n\n<article\n\tdata-id=\"15\" class=\"betterdocs-single-category-wrapper category-grid default\">\n\t<div class=\"betterdocs-single-category-inner\">\n\t\t\n<div class=\"betterdocs-category-header\">\n\t<div class=\"betterdocs-category-header-inner\">\n\t\t\n<div class=\"betterdocs-category-icon\">\n\t<img decoding=\"async\" alt=\"betterdocs-category-icon\" class=\"betterdocs-category-icon-img\" src=\"https:\/\/www.apjbrito.com\/wp-content\/plugins\/betterdocs\/assets\/admin\/images\/betterdocs-cat-icon.svg?v=4.3.10\" \/><\/div>\n<h2 class=\"betterdocs-category-title\">PROJETO EDUCATIVO<\/h2>\n<div data-count=\"1\" class=\"betterdocs-category-items-counts\">\n\t<span>\n\t\t 1 \t<\/span>\n<\/div>\n\t<\/div>\n<\/div>\n<div class=\"betterdocs-body\">\n<ul class=\"betterdocs-articles-list\">\n\t<li><i class=\"far fa-file-alt\"><\/i><a href=\"https:\/\/www.apjbrito.com\/index.php\/docs\/projeto-educativo-2022-2026\/\"><span>Projeto Educativo 2022-2026<\/span> <\/a><\/li><\/ul>\n<\/div>\t<\/div>\n<\/article>\n\n<article\n\tdata-id=\"16\" class=\"betterdocs-single-category-wrapper category-grid default\">\n\t<div class=\"betterdocs-single-category-inner\">\n\t\t\n<div class=\"betterdocs-category-header\">\n\t<div class=\"betterdocs-category-header-inner\">\n\t\t\n<div class=\"betterdocs-category-icon\">\n\t<img decoding=\"async\" alt=\"betterdocs-category-icon\" class=\"betterdocs-category-icon-img\" src=\"https:\/\/www.apjbrito.com\/wp-content\/plugins\/betterdocs\/assets\/admin\/images\/betterdocs-cat-icon.svg?v=4.3.10\" \/><\/div>\n<h2 class=\"betterdocs-category-title\">PLANO ANUAL DE ATIVIDADES<\/h2>\n<div data-count=\"1\" class=\"betterdocs-category-items-counts\">\n\t<span>\n\t\t 1 \t<\/span>\n<\/div>\n\t<\/div>\n<\/div>\n<div class=\"betterdocs-body\">\n<ul class=\"betterdocs-articles-list\">\n\t<li><i class=\"far fa-file-alt\"><\/i><a href=\"https:\/\/www.apjbrito.com\/index.php\/docs\/plano-anual-de-atividades-2025-2026\/\"><span>Plano Anual de Atividades 2025-2026<\/span> <\/a><\/li><\/ul>\n<\/div>\t<\/div>\n<\/article>\n\n<article\n\tdata-id=\"17\" class=\"betterdocs-single-category-wrapper category-grid default\">\n\t<div class=\"betterdocs-single-category-inner\">\n\t\t\n<div class=\"betterdocs-category-header\">\n\t<div class=\"betterdocs-category-header-inner\">\n\t\t\n<div class=\"betterdocs-category-icon\">\n\t<img decoding=\"async\" alt=\"betterdocs-category-icon\" class=\"betterdocs-category-icon-img\" src=\"https:\/\/www.apjbrito.com\/wp-content\/plugins\/betterdocs\/assets\/admin\/images\/betterdocs-cat-icon.svg?v=4.3.10\" \/><\/div>\n<h2 class=\"betterdocs-category-title\">REGULAMENTOS<\/h2>\n<div data-count=\"2\" class=\"betterdocs-category-items-counts\">\n\t<span>\n\t\t 2 \t<\/span>\n<\/div>\n\t<\/div>\n<\/div>\n<div class=\"betterdocs-body\">\n<ul class=\"betterdocs-articles-list\">\n\t<li><i class=\"far fa-file-alt\"><\/i><a href=\"https:\/\/www.apjbrito.com\/index.php\/docs\/regimento-de-funcionamento-da-eb-santa-marta-de-portuzelo\/\"><span>Regimento de Funcionamento das EB\/JI do Agrupamento de Escolas Pintor Jos\u00e9 de Brito<\/span> <\/a><\/li><li><i class=\"far fa-file-alt\"><\/i><a href=\"https:\/\/www.apjbrito.com\/index.php\/docs\/regulamento-interno\/\"><span>Regulamento Interno<\/span> <\/a><\/li><\/ul>\n<\/div>\t<\/div>\n<\/article>\n\t<\/div>\n\t\t<div class=\"clearfix\"><\/div>\n\t<\/div>\n","protected":false},"excerpt":{"rendered":"","protected":false},"author":1,"featured_media":0,"parent":0,"menu_order":0,"comment_status":"closed","ping_status":"closed","template":"","meta":{"footnotes":""},"class_list":["post-4575","page","type-page","status-publish","hentry"],"_links":{"self":[{"href":"https:\/\/www.apjbrito.com\/index.php\/wp-json\/wp\/v2\/pages\/4575","targetHints":{"allow":["GET"]}}],"collection":[{"href":"https:\/\/www.apjbrito.com\/index.php\/wp-json\/wp\/v2\/pages"}],"about":[{"href":"https:\/\/www.apjbrito.com\/index.php\/wp-json\/wp\/v2\/types\/page"}],"author":[{"embeddable":true,"href":"https:\/\/www.apjbrito.com\/index.php\/wp-json\/wp\/v2\/users\/1"}],"replies":[{"embeddable":true,"href":"https:\/\/www.apjbrito.com\/index.php\/wp-json\/wp\/v2\/comments?post=4575"}],"version-history":[{"count":0,"href":"https:\/\/www.apjbrito.com\/index.php\/wp-json\/wp\/v2\/pages\/4575\/revisions"}],"wp:attachment":[{"href":"https:\/\/www.apjbrito.com\/index.php\/wp-json\/wp\/v2\/media?parent=4575"}],"curies":[{"name":"wp","href":"https:\/\/api.w.org\/{rel}","templated":true}]}}